503931?
7
What is the hundred thousands digit of 184870783?
8
What is the tens digit of 53920509?
0
What is the hundreds digit of 20220180?
1
What is the hundred thousands digit of 542174838?
1
What is the millions digit of 150938739?
0
What is the millions digit of 3954237458?
4
What is the ten millions digit of 2588533850?
8
What is the billions digit of 2278037182?
2
What is the units digit of 68328090?
0
What is the ten thousands digit of 591429342?
2
What is the hundred millions digit of 149997273?
1
What is the hundreds digit of 1624939207?
2
What is the ten thousands digit of 78366927?
6
What is the ten thousands digit of 461749160?
4
What is the ten thousands digit of 1717631960?
3
What is the units digit of 158483970?
0
What is the thousands digit of 605309631?
9
What is the ten millions digit of 3951659278?
5
What is the millions digit of 156631462?
6
What is the millions digit of 256166249?
6
What is the units digit of 66823036?
6
What is the hundred millions digit of 1663774586?
6
What is the hundred thousands digit of 396931117?
9
What is the tens digit of 1069453261?
6
What is the millions digit of 1724450822?
4
What is the tens digit of 618588725?
2
What is the hundred millions digit of 128125295?
1
What is the millions digit of 27833749?
7
What is the thousands digit of 318410276?
0
What is the hundreds digit of 1071708839?
8
What is the billions digit of 7194477311?
7
What is the thousands digit of 1495543984?
3
What is the hundreds digit of 77932866?
8
What is the ten thousands digit of 1280152971?
5
What is the ten millions digit of 388834045?
8
What is the hundreds digit of 84546845?
8
What is the hundreds digit of 562757029?
0
What is the hundreds digit of 189472874?
8
What is the millions digit of 8005319?
8
What is the hundreds digit of 855905612?
6
What is the ten millions digit of 316510654?
1
What is the ten thousands digit of 38124708?
2
What is the ten thousands digit of 5699708260?
0
What is the hundred millions digit of 2631291530?
6
What is the tens digit of 37936133?
3
What is the ten thousands digit of 236398318?
9
What is the ten thousands digit of 77521144?
2
What is the thousands digit of 1260499657?
9
What is the ten thousands digit of 185835589?
3
What is the hundred millions digit of 1703052598?
7
What is the ten thousands digit of 410618692?
1
What is the ten millions digit of 4887147819?
8
What is the tens digit of 1532555363?
6
What is the thousands digit of 43451454?
1
What is the hundreds digit of 1995894818?
8
What is the ten millions digit of 12224783?
1
What is the millions digit of 5235246557?
5
What is the hundred thousands digit of 5894149518?
1
What is the hundreds digit of 270037518?
5
What is the millions digit of 449072183?
9
What is the billions digit of 1016895526?
1
What is the thousands digit of 27363130?
3
What is the hundred thousands digit of 48895646?
8
What is the millions digit of 1351919322?
1
What is the hundred millions digit of 207537331?
2
What is the units digit of 84485140?
0
What is the thousands digit of 9029766?
9
What is the units digit of 1213091778?
8
What is the ten thousands digit of 47612303?
1
What is the ten thousands digit of 1712016837?
1
What is the ten thousands digit of 2567690420?
9
What is the tens digit of 745460402?
0
What is the tens digit of 72442979?
7
What is the tens digit of 15550411?
1
What is the tens digit of 873538304?
0
What is the ten millions digit of 177262987?
7
What is the ten thousands digit of 64252097?
5
What is the tens digit of 2592242?
4
What is the millions digit of 86342178?
6
What is the tens digit of 51212577?
7
What is the thousands digit of 138377308?
7
What is the hundreds digit of 412915072?
0
What is the tens digit of 417674512?
1
What is the millions digit of 443039832?
3
What is the hundred millions digit of 161844160?
1
What is the hundred thousands digit of 236603294?
6
What is the units digit of 388358765?
5
What is the hundreds digit of 77690307?
3
What is the thousands digit of 214863076?
3
What is the ten millions digit of 1268889143?
6
What is the tens digit of 22892340?
4
What is the ten thousands digit of 8739301110?
0
What is the ten millions digit of 45075345?
4
What is the hundred thousands digit of 79575990?
5
What is the ten millions digit of 432310328?
3
What is the units digit of 8493242234?
4
What is the tens digit of 2746272772?
7
What is the thousands digit of 167420111?
0
What is the units digit of 1435736745?
5
What is the hundred thousands digit of 9012729591?
7
What is the millions digit of 138022369?
8
What is the billions digit of 3091151856?
3
What is the hundred thousands digit of 599864625?
8
What is the units digit of 53225939?
9
What is the units digit of 50029253?
3
What is the thousands digit of 49273980?
3
What is the millions digit of 2878581748?
8
What is the units digit of 11526161?
1
What is the ten millions digit of 775102259?
7
What is the hundred millions digit of 564453971?
5
What is the millions digit of 33037138?
3
What is the hundred thousands digit of 2034269823?
2
What is the hundred millions digit of 133727110?
1
What is the tens digit of 213204553?
5
What is the hundred thousands digit of 5278716317?
7
What is the tens digit of 75466429?
2
What is the ten thousands digit of 503236459?
3
What is the ten thousands digit of 299153124?
5
What is the hundreds digit of 5188074859?
8
What is the millions digit of 3017862592?
7
What is the hundreds digit of 1606156734?
7
What is the hundreds digit of 219710973?
9
What is the millions digit of 695141214?
5
What is the hundred thousands digit of 747393108?
3
What is the thousands digit of 116532342?
2
What is the thousands digit of 1460083?
0
What is the tens digit of 700519363?
6
What is the hundreds digit of 54514914?
9
What is the hundreds digit of 334847051?
0
What is the units digit of 1063894277?
7
What is the hundreds digit of 15480110?
1
What is the hundreds digit of 1164394057?
0
What is the hundred thousands digit of 242522363?
5
What is the hundred millions digit of 302012116?
3
What is the hundred thousands digit of 246155032?
1
What is the millions digit of 22686653?
2
What is the ten thousands digit of 319062670?
6
What is the thousands digit of 421539268?
9
What is the thousands digit of 109775338?
5
What is the billions digit of 3905974539?
3
What is the hundred millions digit of 173891948?
1
What is the ten thousands digit of 744149774?
4
What is the ten thousands digit of 88587281?
8
What is the thousands digit of 7409545292?
5
What is the millions digit of 50370279?
0
What is the hundred thousands digit of 1250874487?
8
What is the thousands digit of 116128012?
8
What is the units digit of 168001736?
6
What is the ten millions digit of 309306469?
0
What is the millions digit of 435480386?
5
What is the millions digit of 89012717?
9
What is the thousands digit of 93261439?
1
What is the tens digit of 26612730?
3
What is the millions digit of 3490295283?
0
What is the tens digit of 198139190?
9
What is the hundred thousands digit of 1628880791?
8
What is the hundreds digit of 33824907?
9
What is the tens digit of 89467002?
0
What is the thousands digit of 595889573?
9
What is the tens digit of 45218998?
9
What is the ten thousands digit of 4113987334?
8
What is the hundred thousands digit of 281911850?
9
What is the hundreds digit of 296717456?
4
What is the billions digit of 1665207559?
1
What is the units digit of 10054191?
1
What is the ten thousands digit of 68938849?
3
What is the ten thousands digit of 2911943408?
4
What is the millions digit of 34050452?
4
What is the ten thousands digit of 38807864?
0
What is the millions digit of 132170086?
2
What is the millions digit of 1186516135?
6
What is the units digit of 34856952?
2
What is the hundreds digit of 603407980?
9
What is the tens digit of 5969812504?
0
What is the hundreds digit of 40019575?
5
What is the units digit of 831946999?
9
What is the tens digit of 168722603?
0
What is the tens digit of 3560987063?
6
What is the hundred thousands digit of 2290534906?
5
What is the units digit of 149158307?
7
What is the ten thousands digit of 132032196?
3
What is the ten thousands digit of 76796648?
9
What is the ten thousands digit of 66268991?
6
What is th